p**2 - 31. What are the prime factors of z(21)?
41
Let t(x) = 2774*x**2 - x - 2. Let q be t(1). Let s = q - 1537. List the prime factors of s.
2, 617
Let j = -281 + 2246. What are the prime factors of j?
3, 5, 131
Let q be 3/18*-2 - (-241392)/36. List the prime factors of (-31)/(-217) - q/(-7).
2, 479
Suppose n + 4*y - 2190 = 0, n + 61*y = 65*y + 2190. What are the prime factors of n?
2, 3, 5, 73
Suppose -x - 4*i + 0*i = 53, -5*i = 0. Let c = x - -57. What are the prime factors of ((-481)/52)/((-1)/c)?
37
Let y(v) be the second derivative of -13*v**3/3 + 4*v**2 - 2*v. Let i = -774 - -772. List the prime factors of y(i).
2, 3, 5
Suppose 345 = 4*c - 2511. List the prime factors of c/(-28)*(58/(-3) + 0).
17, 29
Let y(k) = -34*k - 132. Let b be y(27). Let s = b - -1922. What are the prime factors of s?
2, 109
Suppose 2*c - 64 = 4*y, -6*c + 2*c + 4*y + 108 = 0. Let q(p) = -9 - p**2 - c + 19*p - 1. List the prime factors of q(13).
2, 23
Let m = 12855 - 7614. What are the prime factors of m?
3, 1747
Suppose -8*s + 43 - 11 = 0. Suppose 155 - 39 = s*x. List the prime factors of x.
29
Let w = 47607 + -33673. List the prime factors of w.
2, 6967
Let x be -10 - 2 - (-12 + 20). Let i(l) = l + 132. Let b be i(0). Let m = b + x. What are the prime factors of m?
2, 7
Suppose -13*z + 72 = -253. Suppose -z - 23 = 6*k. What are the prime factors of (-31590)/(-120) + 2/k?
263
Let l = 123968 + -61935. What are the prime factors of l?
17, 41, 89
Let i = 20840 + 2045. List the prime factors of i.
5, 23, 199
List the prime factors of (-116626992)/(-3024) - (-2)/21 - (-4)/(-18).
38567
Let c(u) be the first derivative of -7*u**3/3 + u**2 - u - 23. Let i be c(-2). Let a = i + 56. What are the prime factors of a?
23
Suppose 0 = -2*t + 3*f - f - 482, -729 = 3*t - f. Suppose 3*b = -3*g + 9, 5*g - 24 + 3 = -3*b. List the prime factors of (t/g)/(((-10)/(-15))/(-2)).
2, 61
What are the prime factors of (-3)/12 - (-9)/((-252)/(-229411))?
3, 2731
Let c(b) = -44 - 45*b**2 - 47*b**2 + 68*b**2 - 9*b**2 - b**3 - 30*b + 106. What are the prime factors of c(-33)?
2, 263
Suppose -3*v = -7*v + 188. Let j(p) = 2*p**3 + p**2 - 2. Let d be j(-2). Let r = v + d. List the prime factors of r.
3, 11
Suppose y = -1697 + 9643. What are the prime factors of y?
2, 29, 137
Let d(n) = -103*n**3 + 4*n**2 - 10*n + 8. Let l be d(-8). Let y = 221 + 39. What are the prime factors of 4/(-26) + l/y?
2, 3, 17
Let i(b) = 24*b**2 + 2*b - 3. Let c = 46 + -44. Let d be ((c - -2)*-1)/(-2). What are the prime factors of i(d)?
97
Let q(a) be the third derivative of a**6/120 - a**5/10 + a**4/3 - 11*a**3/6 + 3*a**2 - 4. What are the prime factors of q(6)?
37
Let x = -548 + 4854. Let p = x - 2572. List the prime factors of p.
2, 3, 17
Let a be (-2)/(((-8)/434)/2). Let j(r) = -34*r - 37. Let z be j(-9). Suppose -z = -6*k + a. List the prime factors of k.
3
Let k(n) = 27*n + 110. Let j be k(-4). What are the prime factors of (-4 + j)*(-786)/3?
2, 131
Let g = 6774 - -929. What are the prime factors of g?
7703
Let r = -20 - -31. Let f(m) = -9*m + 5*m**2 - 210 + 422 - 3*m**2 - 235. What are the prime factors of f(r)?
2, 3, 5
Let h = 160 - 160. Suppose h = 14*p - 21*p + 203. What are the prime factors of p?
29
Let u = 792 - 98. Suppose -z = -3*z + u. What are the prime factors of z?
347
Let q be 2/8*0 + 1 + 2. Let h(f) = 145*f + 1. List the prime factors of h(q).
2, 109
What are the prime factors of (5/((-30)/(-436)))/((-894)/(-126) - 7)?
7, 109
Let k be 5 + -1 + 7524 + (2 - 8). Suppose 4*l + 25*h = 23*h + k, 9395 = 5*l + h. List the prime factors of l.
2, 3, 313
Suppose 3*p - 2*p - 1868 = -4*j, p + 3*j - 1863 = 0. Suppose -4*k = 3*k - p. Let i = k - 173. What are the prime factors of i?
7, 13
Let b(h) = -141*h**3 - 7*h**2 - 4*h - 4. List the prime factors of b(-7).
2, 12011
Suppose 8*h = 6*h + 36. Let y be (-10)/(-90) + 16/h. Let f(c) = 171*c - 1. List the prime factors of f(y).
2, 5, 17
Suppose 2*o - 5 = 3*p, 0 = o - 3*p - 4 + 6. Let q(g) be the first derivative of -g**4/4 + 2*g**3 + 7*g**2 + 6*g + 1. What are the prime factors of q(o)?
5, 11
Suppose -18*o - 31 = o - 31. Let h be (5 - 1) + 2 + -1. Suppose o = -2*n, 35 + 205 = 5*j - h*n. List the prime factors of j.
2, 3
Suppose 11532 + 17568 = 4*r. List the prime factors of r.
3, 5, 97
Let z = 3 - 5. Let s be 52/20 - z/5. Suppose 5*x + s*r - 709 = 7*r, -2*r - 425 = -3*x. List the prime factors of x.
3, 47
Let f be (2 - -5) + 1 + -8. Suppose 5*x - 1496 - 494 = f. List the prime factors of x.
2, 199
Suppose 331526 = 18*t - 18268. What are the prime factors of t?
19433
Let q(z) = z**2 - z + 1. Let d(l) = 6*l**2 + 18*l + 8. Let s(c) = d(c) - 3*q(c). Let g be s(-14). Let i = g + -208. What are the prime factors of i?
7, 13
Suppose 4*f - 107 = 33. Let w = 43 - f. Suppose -w*m = 4*m - 816. List the prime factors of m.
2, 17
Suppose -16*g + 212869 = 65*g - 197234. List the prime factors of g.
61, 83
Let r(t) = 103*t**3 - 18*t**2 + 78*t + 23. List the prime factors of r(6).
22091
Suppose 3265 + 1883 = 11*r. Suppose -25*w = -27*w + r. What are the prime factors of w?
2, 3, 13
Suppose 3*i + 65 = -4*p + 2*p, i - 4*p + 3 = 0. Let z = i + 142. Let h = 186 - z. List the prime factors of h.
3, 7
Suppose -7528 - 129 = -d. What are the prime factors of d?
13, 19, 31
Suppose -6*s - 724 = -7*s + t, -4*s = -3*t - 2893. Let a = -177 + s. List the prime factors of a.
2, 17
Suppose -3*p - 11 = -4*q, -11*p - 1 = -10*p - 4*q. List the prime factors of (-3680)/(-64)*(-16)/p.
2, 23
List the prime factors of -23345*(-24)/88*11.
3, 5, 7, 23, 29
Let b(u) = 19*u**2 - 8*u - 9. Let w(n) = n**2 - n - 1. Let g(h) = b(h) - 5*w(h). Let q be g(-2). Suppose -3*l = -5*l + q. What are the prime factors of l?
29
Let b(q) = -3*q**2 + 16*q - 3. Let u be b(5). Suppose u*j + 2 + 2 = 0, 0 = -4*c - 3*j + 86. What are the prime factors of c?
23
Let o(j) = 1169*j + 2002. What are the prime factors of o(9)?
7, 1789
Let j(g) = g**3 + 11*g**2 + 15*g - 2. Let m = 71 - 81. Let q be j(m). Let w = 71 + q. List the prime factors of w.
19
List the prime factors of 141/(-2)*((-168896)/(-24))/(-29).
2, 7, 13, 47
Let s(a) = 107*a + 1022. List the prime factors of s(11).
3, 733
Let m be 68*(-1)/10*3315/(-34). Let q = m + 85. List the prime factors of q.
2, 11, 17
Let h = -45 - -41. Let w(j) = j + 11. Let o be w(h). Let a(r) = 8*r - 30. What are the prime factors of a(o)?
2, 13
Suppose -7*z + 15 = -6*z. Let b = -18 + z. List the prime factors of 1020/(-25)*10/b.
2, 17
Suppose 15*u - 18*u + 2*n = 4, -3*n = -2*u - 1. List the prime factors of 673/3 + u/6.
2, 7
Let h be (-5)/(-2) + -3 - 26523/(-14). Suppose 36*l - 33*l - 2*f - h = 0, 2*f = 4*l - 2524. What are the prime factors of l?
2, 3, 5, 7
Suppose -9*c + 24 = -3. Suppose 6*h = -c*h - 1377. Let d = h - -246. What are the prime factors of d?
3, 31
Suppose 131*c - 275*c + 124*c + 183940 = 0. List the prime factors of c.
17, 541
Let a(c) = -c**3 - 68*c**2 - 66*c + 60. Let d be a(-67). Let j(q) = 4 - 2 - 4*q - 11*q + 2. List the prime factors of j(d).
109
Let q(r) = 13*r**2 - 258*r - 10. List the prime factors of q(-7).
3, 811
Let p = -39040 - -56707. What are the prime factors of p?
3, 13, 151
Let m be (1 + -2 + 19)*105/45. Let k = 45 - m. Suppose -2*t + 3*h - 248 = -7*t, -k*h = 3*t - 144. List the prime factors of t.
2, 13
Let f be 0 - ((-42)/6 + 4) - -1. Suppose f*v - 913 = 1859. List the prime factors of v.
3, 7, 11
Let i = 12 - -36. Suppose -r + 17 = i. What are the prime factors of (-1 - 4)*(r + 14/(-7))?
3, 5, 11
Suppose -4*l - 36 = 4*j, 3*j + 4*l + 14 + 17 = 0. Let u(c) = -17*c - 36. List the prime factors of u(j).
7
Suppose -1255 = 5*d + 3*b, 2*b - b = -5*d - 1255. Let n(t) = 23*t + 129. Let h be n(-9). Let m = h - d. What are the prime factors of m?
173
Let f(u) = 8*u**3 - u**2 + 3. Let s be f(-3). Let w be ((-11)/(-44))/((-2)/(-14))*224. Let i = s + w. List the prime factors of i.
2, 5, 17
Suppose 2*p - 47 = 53. Suppose 0 = -2*s + 3*v + 765, s + v - p = 340. List the prime factors of s.
3, 43
Let t(x) = 173*x - 678. What are the prime factors of t(42)?
2, 3, 61
Let k = -1596 - -5102. List the prime factors of k.
2, 1753
Let x(u) be the first derivative of 13*u**3/3 + 11*u**2/2 + 50*u - 109. What are the prime factors of x(-4)?
2, 107
What are the prime factors of -5 - 1 